nder when j is divided by z(24).
25
Calculate the remainder when (-1)/(-1 - (-40)/41) is divided by 25.
16
Let y = -716 + 765. What is the remainder when y is divided by 22?
5
Suppose -5*t - 15 = -75. Let u(n) = -3*n + 17. Let g be u(8). Let z = g + 41. What is the remainder when z is divided by t?
10
Suppose -182*a = -181*a + 3*u, -2*a + 14 = -u. Calculate the remainder when 57 is divided by a.
3
Let a be ((-3)/(-12))/(1/4). Suppose 300*f - 299*f = 77. Calculate the remainder when f is divided by 12 - (-2 + a + 0).
12
Let w = 14 + 4. Suppose v = -6*v + 126. Calculate the remainder when 4/w - (-194)/v is divided by 7.
4
Let d = 1210 - 1050. Calculate the remainder when d is divided by 38.
8
Let u(r) = 4*r**3 - 2*r**2 + 4*r - 2. What is the remainder when 88 is divided by u(2)?
28
Let y(p) = 3*p**2 + p. Let u be y(2). Let q(f) = f**3 - 14*f**2 + 3*f - 6. Let l be q(u). Let s = -15 + l. Calculate the remainder when 61 is divided by s.
19
Suppose -143 = 464*v - 477*v. Let n(z) = -z**2 - 15*z + 7. Calculate the remainder when n(-12) is divided by v.
10
Suppose 2*p - 4*u = 176, 4*p - 352 = -7*u + 10*u. Calculate the remainder when 244 is divided by p.
68
Let s = 15 - 10. Let c be s/(10/(-6)) - -15. Let w(i) = -i**2 + 16*i - 9. Calculate the remainder when w(c) is divided by 10.
9
Suppose 0 = 2*x + x - 21. Suppose x*u - 11*u = -68. Let g(i) = i**3 + 9*i**2 + 8*i + 6. What is the remainder when g(-7) is divided by u?
14
Suppose -5*x + 330 = 5*r, 2*x + 2*x = r + 264. Calculate the remainder when x is divided by 17.
15
Let f = 24 + -12. Suppose -5*a - f = -42. Suppose -52 = -2*t + 2*w, -2*w + a = t + 2*w. What is the remainder when t is divided by 12?
10
Suppose o + 1 = 5*b + 12, -3*b = -4*o + 112. Let g = -29 + 47. What is the remainder when o is divided by g?
13
Suppose -28 = -4*v + 5*n - 8, 4*v - 20 = 4*n. Suppose -170 + 40 = -v*i. Calculate the remainder when 37 is divided by i.
11
Let h = 289 - 257. What is the remainder when 66 is divided by h?
2
Suppose -19*m + 20*m = 97. Let n(b) = -2*b**3 - 3*b**2 + 3*b + 2. What is the remainder when m is divided by n(-3)?
17
Let t = -36 + 37. Calculate the remainder when t/((-4)/(-236)) + 0 is divided by 10.
9
Suppose -2*x - 15 = -4*x + 3*t, -10 = -2*t. Calculate the remainder when 28 is divided by x/((-1)/2*-3).
8
Suppose 548 = 5*g + 43. Let a = 10027 + -10012. What is the remainder when g is divided by a?
11
Let z(t) = -3*t + 13. Suppose 5*k + 23 = 3*i, -4*i + 3*k = -9 - 18. Let w be z(i). Let h = 11 + w. Calculate the remainder when 15 is divided by h.
3
Suppose -286*v + 272 = -278*v. Calculate the remainder when 98 is divided by v.
30
Suppose -8 = 8*u - 552. Calculate the remainder when u is divided by 19.
11
Let s(d) = 8*d**2 - d**3 - 19*d**2 - 1 - 6 - 13*d. What is the remainder when 65 is divided by s(-10)?
19
Let d(v) = 6 + 0*v - 4 - 2*v. Let l be d(-5). Suppose 3*u - l = 12. Calculate the remainder when 21 is divided by u.
5
Let g(d) = 3*d**2. Suppose 4*x + 5 = 5*c, 0*x - 3*x = -5*c + 10. What is the remainder when g(2) is divided by 0/c*-1 - -7?
5
Let y(n) = 8*n + 16. Let k be (-1)/((-1)/(-10)) + 1. Let b be y(k). What is the remainder when 8/b + (-337)/(-7) is divided by 7?
6
Let n be 1*-1 + (-16)/(-4). Suppose -18 = -n*v + 135. Suppose 2*m = 5*l + v, 4*l + 33 = 3*m - 33. Calculate the remainder when m is divided by 11.
7
Let r(l) = 18*l. Let a be r(1). Suppose -8*f = -5*u - 5*f + a, 2*u + f - 16 = 0. Calculate the remainder when 27 is divided by u.
3
Let i(p) = p**3 - 22*p**2 + 32*p - 14. What is the remainder when i(21) is divided by 10?
7
Suppose 135 = 24*r - 33. Calculate the remainder when 46 is divided by r.
4
Suppose -34*o = 9*o - 516. Let l = -30 + 88. Calculate the remainder when l is divided by o.
10
Let v(b) = b**3 + 41*b**2 - b - 39. Calculate the remainder when 2 is divided by v(-41).
0
Suppose -3*u + v = -2, u - 26 = -5*v - 4. Suppose -7 - 12 = -h. Suppose -h - 5 = -4*b. What is the remainder when b is divided by u?
0
Let m be (1 + -1)/(7/(-7)*2). Let p(d) = -d**3 + 4*d + 144. What is the remainder when p(m) is divided by 21?
18
Let o = -1535 - -1578. What is the remainder when 259 is divided by o?
1
What is the remainder when 89 is divided by -1 + 10 - (-12 + 8)?
11
Let k = -219 - -266. Suppose -5*l = 2*i - 3*i - 456, 0 = -2*i - 2. What is the remainder when l is divided by k?
44
Suppose -4*g - 3*v = 63, -4*v = 7*g - 3*g + 60. Let t(m) = -5*m - 41. Calculate the remainder when t(g) is divided by 10.
9
Calculate the remainder when 101 is divided by 3/((-9)/(-96)) + -45 + 40.
20
What is the remainder when -4 - 3 - ((10 - 356) + -2) is divided by 117?
107
Suppose -19*h + 21*h = 12. What is the remainder when (6/h - 46)*(-1 - 0) is divided by 16?
13
Let b be -3 + 0 + 12/2. Suppose -52 = b*k + k. Let p = k - -20. What is the remainder when 18 is divided by p?
4
Suppose 14*h + 13*h - 189 = 0. What is the remainder when 1*-26*(-1 - 0) is divided by h?
5
Let k be (1 - 5/10)*96. Suppose k = 4*a - 284. Calculate the remainder when a is divided by 29.
25
Suppose 4*x - 719 = -c, 880 = 5*x - 8*c + 3*c. What is the remainder when x is divided by 17?
9
Suppose 0 = 45*a - 37*a - 200. What is the remainder when 39 is divided by a?
14
Suppose 26 - 230 = -6*l. Calculate the remainder when 605 is divided by l.
27
Calculate the remainder when 229 is divided by (12 - 6 - 2) + (-1 - -74).
75
Let x = 2 - 3. Let t(r) = 10*r**2 + 2*r + 1. Calculate the remainder when 30 is divided by t(x).
3
Let n be 5 - 5/(25/245). Let x = 51 + n. Calculate the remainder when 69 is divided by x.
6
Let s be (-1)/((-15)/7 + 2). Let r = 18 - s. Let y = 4126 + -4120. Calculate the remainder when r is divided by y.
5
Let x(r) = r**2 + 46*r - 365. Calculate the remainder when 420 is divided by x(9).
30
Let g(i) = i**3 - 4*i**2 - 40*i - 5. Calculate the remainder when 277 is divided by g(9).
37
Let b(c) = 5*c - 2*c + 4*c. Suppose 5*i + v = -5 + 284, -212 = -4*i + 2*v. Calculate the remainder when i is divided by b(2).
13
Suppose 5 - 8 = -i - 3*k, 2*k = 3*i + 2. Suppose i = 3*d + 2*d - 4*w - 185, d = -w + 37. What is the remainder when d is divided by 19?
18
Let s be 2/5 - 393/(-5). Suppose -14 - s = -3*o. What is the remainder when o is divided by (-31)/(-2) + 7/14?
15
Let d be -5 - -3 - (5 - 81). Suppose -x = x - d. Calculate the remainder when x is divided by 225/12 - (-3)/12.
18
Suppose 0 = -w + 3*a + 7, -w - a = 2*a - 13. Let g(n) = -11*n - 193. Calculate the remainder when g(-22) is divided by w.
9
Suppose 75*n - 77*n = -8. Calculate the remainder when 24 is divided by n.
0
What is the remainder when 106*(-12)/(-8) + 1/(-1) is divided by 21?
11
Calculate the remainder when 97*(-3 + 2)/(13/(-39)) is divided by 13.
5
Suppose 10*h - 20 = 8*h. Calculate the remainder when 11 is divided by 42/h - (-6)/(-30).
3
Let t = 60 + -53. Suppose t*h + 92 = 9*h. What is the remainder when h is divided by 19?
8
Let f = 110 + -66. Let w = -33 + f. Calculate the remainder when 289/7 + 4/(-14) is divided by w.
8
Let t(a) = a**3 + 6*a**2 + 2. Let s be t(-6). Suppose -q = -3*v + 4 - 32, 4*q + s*v = 42. Calculate the remainder when q is divided by ((-4)/5)/((-2)/10).
1
What is the remainder when (-268)/(-5) + 24/60 is divided by 32 + 9/(36/(-16))?
26
Let j = -55 - -65. What is the remainder when 193/4 - (-3)/(-12) is divided by j?
8
Let k(x) = -x**2 - 2*x + 6. Let h be (-2 - 1) + 1 + 2. Calculate the remainder when 22 is divided by k(h).
4
Suppose 166 = 10*r - 434. What is the remainder when r is divided by 13?
8
Suppose 4*r = -r + 15. Suppose 13 - r = 5*c. Suppose -i + 5*y = -c*i + 7, -5*i = -5*y - 5. What is the remainder when 2 is divided by i?
0
Let l(t) = t**3 + 10*t**2 + 9*t + 9. What is the remainder when (-4)/(16/(-196)) + 2 is divided by l(-9)?
6
Let j(y) = 4*y**2 - 3*y + 5. Let m be j(2). Suppose 15 + m = 5*k. What is the remainder when 16 is divided by k?
4
Let z(x) = -7*x + 10. Let j(i) = 8*i - 10. Let l(n) = -5*j(n) - 6*z(n). Calculate the remainder when 394/10 - 2/5 is divided by l(10).
9
Let l(f) = 3*f**3 - 3*f**2 + 48*f - 92. Calculate the remainder when 20 is divided by l(2).
4
Let l = 69 + -70. Calculate the remainder when (-326)/(-4) - l - (-63)/(-126) is divided by 21.
19
Suppose 2*m = 5*j - 47, 25*j = 24*j - 3*m + 23. Supp